(c).
-7
Let y(c) = 5*c**2 + 4*c - 4. Let w(m) = 14*m**2 + 11*m - 12. Let g(f) = 4*w(f) - 11*y(f). Let n(u) = u**2 + 7. Let p be n(0). Let k = p - 10. What is g(k)?
5
Let w(s) = 15*s**2 - 5*s + 5. Let f(p) = 7*p**2 - 2*p + 2. Let n(c) = 13*f(c) - 6*w(c). Calculate n(-5).
1
Let g(q) = -2*q**2 + q - 2. Let o = -5 - -11. Let i(r) be the second derivative of -r**4/12 + r**3 + r**2 - 4*r. Let k be i(o). Determine g(k).
-8
Let t(h) = 2*h - 7. Let w(m) = 3*m - 7. Let b(p) = -4*t(p) + 3*w(p). Determine b(-5).
2
Let r(a) = -a**2 - 7*a - 3. Let q be r(-6). Let x be 0 + 15/3 + -2. Suppose -4*d = -4*k + 8, -q = x*k - d + 1. Let p(i) = i + 6. Determine p(k).
3
Let g(q) = -q**3 - 5*q**2 + 7*q. Suppose 0 = -5*w + 4*l + 16, 5*w - 5 + 1 = l. Suppose -3*n + w = 18. What is g(n)?
-6
Let a(p) = -5*p**2 + p + 1. Let f(b) = -1. Let r(h) = -a(h) - 2*f(h). What is r(2)?
19
Suppose 4*f = -3*q + 20, -2*f + 7*f - 10 = 0. Let g(v) = -3*v + 3. Calculate g(q).
-9
Let y(q) be the second derivative of q**7/120 + q**6/360 - q**3/3 + 5*q. Let o(d) be the second derivative of y(d). What is o(1)?
8
Let n(m) = -m + 2. Let a be 3/(-7) - 38/(-7). Suppose -4 = -6*j + 2*j + 3*g, a*g = 5*j - 5. Determine n(j).
1
Suppose 26 - 2 = 3*u. Let c(g) = -g**3 + 9*g**2 - 9*g + 3. Calculate c(u).
-5
Let j be 21/35*(-10)/(-3). Let g(t) = -4*t**2 + 4*t - 2. What is g(j)?
-10
Let d(j) = 32*j**3 + 0*j + 3*j**2 - 62*j**3 + 29*j**3 + j. What is d(3)?
3
Let t(m) = -78*m + 79*m + 0 + 0. Determine t(7).
7
Let n(t) = -3*t - 23. Suppose -p + k + 8 = 0, -3*p - k = -1 - 11. Let d(h) = -2*h - 15. Let f(w) = p*n(w) - 8*d(w). What is f(0)?
5
Let r(g) = 4*g - 3 + 6 - 4. Determine r(-1).
-5
Let q(m) = -m**2 - 6*m + 7. Let j = -26 + 40. Let u = -9 + j. Suppose 5*i = -u*d - 45, -3*d - 21 = 4*i + 9. Determine q(d).
7
Let o(l) be the second derivative of -l**5/20 + l**4/4 - l**3/6 - l. Suppose -4*y = -3*y + 5. Let r be (2/y)/(2/(-10)). What is o(r)?
2
Let a(u) = u**2 + 4*u. Suppose -5*n - 5 = -4*n. Let z(i) = i. Let r be z(n). Calculate a(r).
5
Let d(z) be the first derivative of 9*z**4/4 - z**2 - z + 18. Suppose -1 = -2*c + 3*c. Determine d(c).
-8
Suppose 2*h + 2 = -4*w, -2*w + 2 = -2*h - 6. Let o(q) = 3*q**2 + q**3 - 3 + 3 - w + 2. What is o(-2)?
5
Let j be -21*((-1)/1)/(-1). Let s be (j/(-9) - 3)*-6. Let c(v) = v**3 - 1. Let y(o) = -4*o**3 - 4*o**2 + o + 3. Let z(d) = 5*c(d) + y(d). Give z(s).
2
Let z(t) = -t**2 + 4*t - 3. Suppose -4*a - 3*o + 70 = 13, -24 = -a - 4*o. Let m = 9 - a. Let f be 1/(3/((-18)/m)). Give z(f).
1
Let t = -28 + 17. Let i(n) = -14*n**2 + 7*n - 20. Let c(b) = 5*b**2 - 2*b + 7. Let h(x) = t*c(x) - 4*i(x). Let q be 5 + (2 - 0)/(-2). What is h(q)?
-5
Let j(w) = 1. Let o(g) = -g - 1. Let l(m) = -5*j(m) - o(m). Let y(k) = 3. Let a(q) = 3*l(q) + 4*y(q). What is a(5)?
15
Let r(v) be the third derivative of -v**5/60 - v**4/3 - v**3/2 + 30*v**2. Determine r(-7).
4
Suppose -2 - 3 = 5*d, -f + 4*d = -8. Let n = 18 + -13. Let o = f - n. Let q(r) = -2*r. Calculate q(o).
2
Let r = 7 - 4. Suppose 0*m - 4*u = -5*m + 10, 3*u + 6 = 3*m. Let v(l) = 3*l**2 + 2*l**2 - 7*l**m - 4 - r*l + l**3. Calculate v(3).
-4
Let o be 2 - 3/2*2. Let q(p) = 2*p**2 + 2*p + 1. Calculate q(o).
1
Let y(h) = h**3 - 6*h**2 + 6*h - 3. Let k(n) be the second derivative of -n**5/20 - 2*n**4/3 - 4*n**3/3 - n**2 + 5*n. Let p be k(-7). Determine y(p).
2
Let u(q) = 13*q - q - 3*q - 2. What is u(3)?
25
Let r(j) = -j + 12. Let l be r(12). Let i = l + 2. Let m(o) = -o**3 - 3*o + 3. Determine m(i).
-11
Let y(p) = p + 1. Let u(b) = -6*b - 9. Let i be u(-2). What is y(i)?
4
Let j(n) be the second derivative of -n**4/12 - 2*n**3 - 9*n**2/2 - 18*n. Calculate j(-11).
2
Let b(w) = -w**2 + 4*w - 3. Let m be b(3). Suppose -10*i - 8 = -12*i. Suppose -c - 5 + m = -l, -8 = -i*c - 3*l. Let j(u) = 5*u**2. Calculate j(c).
5
Let n(a) be the second derivative of 1/2*a**2 - 2*a + 0 + 7/6*a**3. What is n(-1)?
-6
Let v(w) = w**2 + w - 2. Suppose u + 2*o = -40, -u + 3*o = -2*o + 26. Let y be (-8)/u - 4/18. What is v(y)?
-2
Let q(h) = -8*h - 9 - 6 + 10 - h**2. What is q(-5)?
10
Let n be -1 + 2 - (-1 + 1). Suppose 0*j + 3*j = 0. Let q(l) = -4*l + n + l + j*l. Give q(4).
-11
Suppose 3*f + 21 = -5*g, -3 - 2 = 5*g - 5*f. Let w(s) be the second derivative of -s**3/3 + 2*s**2 + 4*s. What is w(g)?
10
Let g(y) be the third derivative of y**6/720 + 7*y**5/60 + y**4/12 + 3*y**2. Let m(x) be the second derivative of g(x). Give m(-6).
8
Let c(r) = r**3 - r - 8. Let a be (48/(-4))/(-4) + -3. Suppose a = 3*d - 0*d. Determine c(d).
-8
Let p(y) = -y**2 + 1. Let s be 2/5 + (-24)/10. Calculate p(s).
-3
Let a(u) = -u**2 - 7*u + 2. Let c be a(-7). Let q(n) = -n**2 + 3. Let h be q(0). Let g(o) = -1 - h*o + 2 + c + 0. Give g(4).
-9
Let b be 20/(-12) + (-16)/12. Let s(l) = -l**3 - 3*l**2 - 3*l - 2. What is s(b)?
7
Let m(y) be the third derivative of -y**5/60 + y**4/6 + y**3/3 + y**2. Let j(n) = n + 13. Let w be j(-9). Let a be 4 - w - 8/(-2). Determine m(a).
2
Let j(b) = -2*b**3 + 4*b**2 - 4*b + 3. Let i = -10 - -16. Let q be 18/4 - (-3)/i. Suppose -q*k + 8 = -k. What is j(k)?
-5
Let v(h) = h - 4. Let d = -7 - -4. Give v(d).
-7
Let l(g) = 2*g**2 - 10*g - 16. Let n(b) = -b**2 + 5*b + 7. Let s(h) = -3*l(h) - 7*n(h). Let z be (-3)/(-1) + (-3)/(-3). What is s(z)?
-5
Suppose 0 = 4*z - z. Let x = z + 2. Let c(y) = 2 - 3 + x + y. Determine c(-6).
-5
Let h(b) = -b**2 + 2*b + 5. Let w(k) = 2*k**2 - 3*k - 11. Let p(u) = -5*h(u) - 2*w(u). Calculate p(6).
9
Suppose 0 = -5*r + 17 + 3. Let w(n) = n**3 + 3*n**2 + n. Let i be w(-2). Let h(g) = 4*g - 1 - i - g**3 + 7 + 3*g**2. Give h(r).
4
Let p(l) = -1 - 19*l - 16*l + 29*l. Give p(-2).
11
Suppose 2*r + r = 9. Suppose -3*n + 18 = w + r, -4*n = 2*w - 22. Let u(j) = w - 5*j**2 + j**2 + j**3 - 10 - 5*j. Calculate u(5).
-7
Let h(b) be the second derivative of b**5/20 - 5*b**4/12 + b**3/2 - b**2/2 - 22*b. Give h(4).
-5
Let x = -9 - -8. Let z be 1/(x - (-3 + 1)). Let q(y) = 5*y**2 - y + 1. Give q(z).
5
Let u = 15 - 11. Let t(m) = -4*m + 4. Let q(z) = -3*z + 3. Let a = -3 - 2. Let r(d) = a*q(d) + u*t(d). Give r(3).
-2
Let k(q) = 2*q + 1. Suppose -p + 4*w = -6, 7 = p - 2*w - 1. Let f = p + -14. Determine k(f).
-7
Let f(n) be the third derivative of n**8/20160 + n**7/840 + n**6/144 + n**5/20 + 7*n**2. Let x(j) be the third derivative of f(j). Give x(-6).
5
Suppose -9 = 2*d + d. Let m(k) = -4*k**3 + 2*k**2 + 1. Let c(j) = -5*j**3 + 2*j**2 + 1. Let x(f) = -5*c(f) + 6*m(f). Calculate x(d).
-8
Let t(x) = x**3 + 2*x**2 - 2*x + 1. Let d be t(1). Let f(l) = -4*l + 3. Calculate f(d).
-5
Let q(r) be the second derivative of -r - 1/2*r**3 + 0 + 1/2*r**2 - 1/12*r**4. Give q(-3).
1
Let o be (-1)/(1 + (-6)/5). Let g(a) = 2 - 3 + 5*a - o. Give g(4).
14
Suppose -2*u + 2 = -0*u. Let c(l) = -4*l - l - 1 + 4*l + 2*l. Give c(u).
0
Suppose -z = -5*y + 35, 7*z = 5*y + 4*z - 35. Let x(m) = -m**3 + 8*m**2 - 7*m - 1. Give x(y).
-1
Let o(y) = -y**3 - y**2 - 4 + 4*y**2 + 0*y**2 + 5*y. Let u(v) = 2*v - 19. Let a be u(0). Let x = a + 23. What is o(x)?
0
Let t(w) = -w**2 + w + 1. Suppose -4*z + 5*z = -6. Let q = 6 + z. Calculate t(q).
1
Let x be 3/(6/(-10))*1. Let k(h) = -34 - h**2 + 27 + h - 8*h. Determine k(x).
3
Let d(l) be the first derivative of -l**4/4 - 5*l**3/3 + 7*l**2/2 + 9*l - 1. What is d(-6)?
3
Let w be -2 + 3*(-5)/(-15). Let z(u) be the third derivative of u**6/12 - u**3/6 - u**2. What is z(w)?
-11
Let m(r) be the first derivative of r**3/3 - r**2 + r - 18. Calculate m(3).
4
Let q(d) = d**3 + d**2 + 1. Let z(w) = -7*w**3 - 4*w**2 + w - 2. Let j(o) = 2*q(o) + z(o). Calculate j(1).
-6
Let c(n) be the third derivative of -n**4/12 - n**3/2 - 33*n**2. What is c(-3)?
3
Let v(x) = 3*x**3 - 3*x**2 + 6*x + 2. Let n(b) = -13*b**3 + 11*b**2 - 25*b - 9. Let u(l) = -2*n(l) - 9*v(l). Calculate u(4).
0
Suppose -13 - 19 = -4*s. Let k be (-1)/(-4) - 26/s. Let w(b) = b**3 + 2*b**2 - 5*b - 2. Give w(k).
4
Suppose 10 = m - 3*m, 0 = -3*p + 2*m + 13. Let x = p + 1. Let a(n) be the first derivative of -n**4/4 - n**2/2 + 2*n - 57. Give a(x).
-8
Let f(d) = -d - 5. Suppose 0*x = x. Let u be f(x). Let l be (-2)/u*(-8 + -2). Let i(s) = s**2 + 4*s + 4. Give i(l).
4
Let q(u) = u**3 + 3*u**2 + 2*u + 4. Suppose 4*z - m = 4*m + 31, 5*z - 23 = m. Let w be (-2)/(-4) - 14/z. What is q(w)?
-2
Let t(r) be the sec